{"id":7729,"date":"2023-01-30T13:52:43","date_gmt":"2023-01-30T13:52:43","guid":{"rendered":"https:\/\/sellfies.com\/?post_type=faq&#038;p=7729"},"modified":"2023-04-05T12:59:15","modified_gmt":"2023-04-05T12:59:15","slug":"proc-musi-byt-na-fotografii-muj-oblicej","status":"publish","type":"faq","link":"https:\/\/sellfies.com\/cs\/faq\/proc-musi-byt-na-fotografii-muj-oblicej\/","title":{"rendered":"Pro\u010d mus\u00ed b\u00fdt na fotografii m\u016fj obli\u010dej?"},"content":{"rendered":"\n<p>Jednodu\u0161e proto, abychom mohli potvrdit, \u017ee osoba na obr\u00e1zku odpov\u00edd\u00e1 Va\u0161\u00ed toto\u017enosti.<\/p>\n","protected":false},"template":"","categories":[118,120],"class_list":["post-7729","faq","type-faq","status-publish","hentry","category-faq-cz","category-o-fotografiich"],"acf":[],"_links":{"self":[{"href":"https:\/\/sellfies.com\/cs\/wp-json\/wp\/v2\/faq\/7729","targetHints":{"allow":["GET"]}}],"collection":[{"href":"https:\/\/sellfies.com\/cs\/wp-json\/wp\/v2\/faq"}],"about":[{"href":"https:\/\/sellfies.com\/cs\/wp-json\/wp\/v2\/types\/faq"}],"wp:attachment":[{"href":"https:\/\/sellfies.com\/cs\/wp-json\/wp\/v2\/media?parent=7729"}],"wp:term":[{"taxonomy":"category","embeddable":true,"href":"https:\/\/sellfies.com\/cs\/wp-json\/wp\/v2\/categories?post=7729"}],"curies":[{"name":"wp","href":"https:\/\/api.w.org\/{rel}","templated":true}]}}

Proč musí být na fotografii můj obličej?

<p>Jednoduše proto, abychom mohli potvrdit, že osoba na obrázku odpovídá Vaší totožnosti.</p>
