{"id":9470,"date":"2023-01-30T13:52:43","date_gmt":"2023-01-30T13:52:43","guid":{"rendered":"https:\/\/sellfies.com\/faq\/miert-kell-hogy-az-arcom-lathato-legyen-a-foton\/"},"modified":"2025-06-19T11:09:20","modified_gmt":"2025-06-19T11:09:20","slug":"miert-kell-hogy-az-arcom-lathato-legyen-a-foton","status":"publish","type":"faq","link":"https:\/\/sellfies.com\/hu\/faq\/miert-kell-hogy-az-arcom-lathato-legyen-a-foton\/","title":{"rendered":"Mi\u00e9rt kell, hogy az arcom l\u00e1that\u00f3 legyen a fot\u00f3n?"},"content":{"rendered":"\n<p>Egyszer\u0171en az\u00e9rt, hogy meger\u0151s\u00edthess\u00fck, hogy a k\u00e9pen szerepl\u0151 szem\u00e9ly megegyezik az igazolv\u00e1nyodon szerepl\u0151 szem\u00e9llyel.<\/p>\n","protected":false},"template":"","categories":[166,165],"class_list":["post-9470","faq","type-faq","status-publish","hentry","category-a-kepekrol","category-faq-hu"],"acf":[],"_links":{"self":[{"href":"https:\/\/sellfies.com\/hu\/wp-json\/wp\/v2\/faq\/9470","targetHints":{"allow":["GET"]}}],"collection":[{"href":"https:\/\/sellfies.com\/hu\/wp-json\/wp\/v2\/faq"}],"about":[{"href":"https:\/\/sellfies.com\/hu\/wp-json\/wp\/v2\/types\/faq"}],"wp:attachment":[{"href":"https:\/\/sellfies.com\/hu\/wp-json\/wp\/v2\/media?parent=9470"}],"wp:term":[{"taxonomy":"category","embeddable":true,"href":"https:\/\/sellfies.com\/hu\/wp-json\/wp\/v2\/categories?post=9470"}],"curies":[{"name":"wp","href":"https:\/\/api.w.org\/{rel}","templated":true}]}}

Miért kell, hogy az arcom látható legyen a fotón?

<p>Egyszerűen azért, hogy megerősíthessük, hogy a képen szereplő személy megegyezik az igazolványodon szereplő személlyel.</p>
