{"id":9478,"date":"2023-01-30T13:50:34","date_gmt":"2023-01-30T13:50:34","guid":{"rendered":"https:\/\/sellfies.com\/faq\/honnan-tudhatom-hogy-a-kepeim-nem-vezethetok-vissza-ram-es-a-valodi-szemelyazonossagomra\/"},"modified":"2025-06-19T11:50:37","modified_gmt":"2025-06-19T11:50:37","slug":"honnan-tudhatom-hogy-a-kepeim-nem-vezethetok-vissza-ram-es-a-valodi-szemelyazonossagomra","status":"publish","type":"faq","link":"https:\/\/sellfies.com\/hu\/faq\/honnan-tudhatom-hogy-a-kepeim-nem-vezethetok-vissza-ram-es-a-valodi-szemelyazonossagomra\/","title":{"rendered":"Honnan tudhatom, hogy a k\u00e9peim nem vezethet\u0151k vissza r\u00e1m \u00e9s a val\u00f3di szem\u00e9lyazonoss\u00e1gomra?"},"content":{"rendered":"\n<p>Miut\u00e1n a k\u00e9peidet, amelyeket a szem\u00e9lyazonoss\u00e1god igazol\u00e1s\u00e1val adt\u00e1l el nek\u00fcnk, felhaszn\u00e1ljuk, kiz\u00e1r\u00f3lag maguk a k\u00e9pek ker\u00fclnek felhaszn\u00e1l\u00e1sra. A szem\u00e9lyazonoss\u00e1god, neved, tart\u00f3zkod\u00e1si helyed \u00e9s egy\u00e9b adataid soha nem ker\u00fclnek megoszt\u00e1sra. Azonban mindig fenn\u00e1ll annak a lehet\u0151s\u00e9ge, hogy valaki felismer.   <\/p>\n","protected":false},"template":"","categories":[166,165],"class_list":["post-9478","faq","type-faq","status-publish","hentry","category-a-kepekrol","category-faq-hu"],"acf":[],"_links":{"self":[{"href":"https:\/\/sellfies.com\/hu\/wp-json\/wp\/v2\/faq\/9478","targetHints":{"allow":["GET"]}}],"collection":[{"href":"https:\/\/sellfies.com\/hu\/wp-json\/wp\/v2\/faq"}],"about":[{"href":"https:\/\/sellfies.com\/hu\/wp-json\/wp\/v2\/types\/faq"}],"wp:attachment":[{"href":"https:\/\/sellfies.com\/hu\/wp-json\/wp\/v2\/media?parent=9478"}],"wp:term":[{"taxonomy":"category","embeddable":true,"href":"https:\/\/sellfies.com\/hu\/wp-json\/wp\/v2\/categories?post=9478"}],"curies":[{"name":"wp","href":"https:\/\/api.w.org\/{rel}","templated":true}]}}

Honnan tudhatom, hogy a képeim nem vezethetők vissza rám és a valódi személyazonosságomra?

<p>Miután a képeidet, amelyeket a személyazonosságod igazolásával adtál el nekünk, felhasználjuk, kizárólag maguk a képek kerülnek felhasználásra. A személyazonosságod, neved, tartózkodási helyed és egyéb adataid soha nem kerülnek megosztásra. Azonban mindig fennáll annak a lehetősége, hogy valaki felismer.   </p>
