{"id":8133,"date":"2023-01-30T13:52:43","date_gmt":"2023-01-30T13:52:43","guid":{"rendered":"https:\/\/sellfies.com\/?post_type=faq&#038;p=8133"},"modified":"2023-04-07T08:59:46","modified_gmt":"2023-04-07T08:59:46","slug":"dlaczego-moja-twarz-musi-byc-na-zdjeciu","status":"publish","type":"faq","link":"https:\/\/sellfies.com\/pl\/faq\/dlaczego-moja-twarz-musi-byc-na-zdjeciu\/","title":{"rendered":"Dlaczego moja twarz musi by\u0107 na zdj\u0119ciu?"},"content":{"rendered":"\n<p>Po prostu musimy potwierdzi\u0107, \u017ce osoba ze zdj\u0119cia pasuje do Twojej to\u017csamo\u015bci.<\/p>\n","protected":false},"template":"","categories":[125,127],"class_list":["post-8133","faq","type-faq","status-publish","hentry","category-faq-pl","category-o-zdjeciach"],"acf":[],"_links":{"self":[{"href":"https:\/\/sellfies.com\/pl\/wp-json\/wp\/v2\/faq\/8133","targetHints":{"allow":["GET"]}}],"collection":[{"href":"https:\/\/sellfies.com\/pl\/wp-json\/wp\/v2\/faq"}],"about":[{"href":"https:\/\/sellfies.com\/pl\/wp-json\/wp\/v2\/types\/faq"}],"wp:attachment":[{"href":"https:\/\/sellfies.com\/pl\/wp-json\/wp\/v2\/media?parent=8133"}],"wp:term":[{"taxonomy":"category","embeddable":true,"href":"https:\/\/sellfies.com\/pl\/wp-json\/wp\/v2\/categories?post=8133"}],"curies":[{"name":"wp","href":"https:\/\/api.w.org\/{rel}","templated":true}]}}

Dlaczego moja twarz musi być na zdjęciu?

<p>Po prostu musimy potwierdzić, że osoba ze zdjęcia pasuje do Twojej tożsamości.</p>
