{"id":8353,"date":"2023-01-30T13:52:43","date_gmt":"2023-01-30T13:52:43","guid":{"rendered":"https:\/\/sellfies.com\/?post_type=faq&#038;p=8353"},"modified":"2023-04-07T12:58:38","modified_gmt":"2023-04-07T12:58:38","slug":"varfor-behover-mitt-ansikte-synas-i-bilden","status":"publish","type":"faq","link":"https:\/\/sellfies.com\/sv\/faq\/varfor-behover-mitt-ansikte-synas-i-bilden\/","title":{"rendered":"Varf\u00f6r beh\u00f6ver mitt ansikte synas i bilden?"},"content":{"rendered":"\n<p>Kort sagt f\u00f6r att vi ska kunna s\u00e4kerst\u00e4lla att personen i bild matchar din identitet.<\/p>\n","protected":false},"template":"","categories":[136,138],"class_list":["post-8353","faq","type-faq","status-publish","hentry","category-faw-sv","category-om-bilderna-sv"],"acf":[],"_links":{"self":[{"href":"https:\/\/sellfies.com\/sv\/wp-json\/wp\/v2\/faq\/8353","targetHints":{"allow":["GET"]}}],"collection":[{"href":"https:\/\/sellfies.com\/sv\/wp-json\/wp\/v2\/faq"}],"about":[{"href":"https:\/\/sellfies.com\/sv\/wp-json\/wp\/v2\/types\/faq"}],"wp:attachment":[{"href":"https:\/\/sellfies.com\/sv\/wp-json\/wp\/v2\/media?parent=8353"}],"wp:term":[{"taxonomy":"category","embeddable":true,"href":"https:\/\/sellfies.com\/sv\/wp-json\/wp\/v2\/categories?post=8353"}],"curies":[{"name":"wp","href":"https:\/\/api.w.org\/{rel}","templated":true}]}}

Varför behöver mitt ansikte synas i bilden?

<p>Kort sagt för att vi ska kunna säkerställa att personen i bild matchar din identitet.</p>
